{"id":1940,"date":"2017-02-07T11:18:41","date_gmt":"2017-02-07T10:18:41","guid":{"rendered":"http:\/\/www.educaplanet.com\/educaplanet\/?page_id=1940"},"modified":"2017-02-21T09:22:13","modified_gmt":"2017-02-21T08:22:13","slug":"politica-de-devoluciones","status":"publish","type":"page","link":"https:\/\/www.educaplanet.com\/educaplanet\/politica-de-devoluciones\/","title":{"rendered":"Pol\u00edtica de devoluciones"},"content":{"rendered":"<p>El importe de una compra se devolver\u00e1 solo en caso de NO haberse utilizado el c\u00f3digo de activaci\u00f3n adquirido desde la tienda de Educaplanet s.l. Tiene un plazo de\u00a014 d\u00edas naturales desde la fecha del pedido.<\/p>\n<p>Contacte \u00a0v\u00eda email con <a href=\"mailto:soporte@educaplanet.com\">soporte@educaplanet.com<\/a> indicando el n\u00famero de pedido, los datos del comprador y m\u00e9todo para hacer el reembolso.<\/p>\n<p>Una vez llegue la petici\u00f3n el importe se reembolsar\u00e1 en el\u00a0m\u00e9todo de pago indicado.<\/p>\n<p>&nbsp;<\/p>\n<p><strong>Informaci\u00f3n Legal<\/strong><\/p>\n<p>Educaplanet s.l. \u00a0NIF B 57879454<\/p>\n<p>T. (+34) 610 271755 &#8211; 619343240<br \/>\nC\/ Antoni Planas i Franch, n\u00ba5 2D.<br \/>\n07001 Palma de Mallorca. Illes Balears. Espa\u00f1a.<\/p>\n<p>&nbsp;<\/p>\n","protected":false},"excerpt":{"rendered":"<p>El importe de una compra se devolver\u00e1 solo en caso de NO haberse utilizado el c\u00f3digo de activaci\u00f3n adquirido desde la tienda de Educaplanet s.l. Tiene un plazo de\u00a014 d\u00edas naturales desde la fecha del pedido. Contacte \u00a0v\u00eda email con soporte@educaplanet.com indicando el n\u00famero de pedido, los datos del comprador y m\u00e9todo para hacer el reembolso. Una vez llegue la petici\u00f3n el importe se reembolsar\u00e1 en el\u00a0m\u00e9todo de pago indicado. &nbsp; Informaci\u00f3n Legal Educaplanet s.l. \u00a0NIF B 57879454 T. (+34) 610 271755 &#8211; 619343240 C\/ Antoni Planas i Franch, n\u00ba5 2D. 07001 Palma de Mallorca. Illes Balears. Espa\u00f1a. &nbsp;<\/p>\n","protected":false},"author":3,"featured_media":0,"parent":0,"menu_order":0,"comment_status":"closed","ping_status":"closed","template":"","meta":{"_monsterinsights_skip_tracking":false,"_monsterinsights_sitenote_active":false,"_monsterinsights_sitenote_note":"","_monsterinsights_sitenote_category":0,"footnotes":""},"class_list":["post-1940","page","type-page","status-publish","hentry"],"yoast_head":"<!-- This site is optimized with the Yoast SEO plugin v27.2 - https:\/\/yoast.com\/product\/yoast-seo-wordpress\/ -->\n<title>Pol\u00edtica de devoluciones - EDUCAPLANET APPS<\/title>\n<meta name=\"robots\" content=\"index, follow, max-snippet:-1, max-image-preview:large, max-video-preview:-1\" \/>\n<link rel=\"canonical\" href=\"https:\/\/www.educaplanet.com\/educaplanet\/politica-de-devoluciones\/\" \/>\n<meta property=\"og:locale\" content=\"es_ES\" \/>\n<meta property=\"og:type\" content=\"article\" \/>\n<meta property=\"og:title\" content=\"Pol\u00edtica de devoluciones - EDUCAPLANET APPS\" \/>\n<meta property=\"og:description\" content=\"El importe de una compra se devolver\u00e1 solo en caso de NO haberse utilizado el c\u00f3digo de activaci\u00f3n adquirido desde la tienda de Educaplanet s.l. Tiene un plazo de\u00a014 d\u00edas naturales desde la fecha del pedido. Contacte \u00a0v\u00eda email con soporte@educaplanet.com indicando el n\u00famero de pedido, los datos del comprador y m\u00e9todo para hacer el reembolso. Una vez llegue la petici\u00f3n el importe se reembolsar\u00e1 en el\u00a0m\u00e9todo de pago indicado. &nbsp; Informaci\u00f3n Legal Educaplanet s.l. \u00a0NIF B 57879454 T. (+34) 610 271755 &#8211; 619343240 C\/ Antoni Planas i Franch, n\u00ba5 2D. 07001 Palma de Mallorca. Illes Balears. Espa\u00f1a. &nbsp;\" \/>\n<meta property=\"og:url\" content=\"https:\/\/www.educaplanet.com\/educaplanet\/politica-de-devoluciones\/\" \/>\n<meta property=\"og:site_name\" content=\"EDUCAPLANET APPS\" \/>\n<meta property=\"article:publisher\" content=\"https:\/\/www.facebook.com\/educaplanet\" \/>\n<meta property=\"article:modified_time\" content=\"2017-02-21T08:22:13+00:00\" \/>\n<meta name=\"twitter:card\" content=\"summary_large_image\" \/>\n<meta name=\"twitter:site\" content=\"@educaplanet_es\" \/>\n<meta name=\"twitter:label1\" content=\"Tiempo de lectura\" \/>\n\t<meta name=\"twitter:data1\" content=\"1 minuto\" \/>\n<script type=\"application\/ld+json\" class=\"yoast-schema-graph\">{\"@context\":\"https:\/\/schema.org\",\"@graph\":[{\"@type\":\"WebPage\",\"@id\":\"https:\/\/www.educaplanet.com\/educaplanet\/politica-de-devoluciones\/\",\"url\":\"https:\/\/www.educaplanet.com\/educaplanet\/politica-de-devoluciones\/\",\"name\":\"Pol\u00edtica de devoluciones - EDUCAPLANET APPS\",\"isPartOf\":{\"@id\":\"https:\/\/www.educaplanet.com\/educaplanet\/#website\"},\"datePublished\":\"2017-02-07T10:18:41+00:00\",\"dateModified\":\"2017-02-21T08:22:13+00:00\",\"breadcrumb\":{\"@id\":\"https:\/\/www.educaplanet.com\/educaplanet\/politica-de-devoluciones\/#breadcrumb\"},\"inLanguage\":\"es\",\"potentialAction\":[{\"@type\":\"ReadAction\",\"target\":[\"https:\/\/www.educaplanet.com\/educaplanet\/politica-de-devoluciones\/\"]}]},{\"@type\":\"BreadcrumbList\",\"@id\":\"https:\/\/www.educaplanet.com\/educaplanet\/politica-de-devoluciones\/#breadcrumb\",\"itemListElement\":[{\"@type\":\"ListItem\",\"position\":1,\"name\":\"Portada\",\"item\":\"https:\/\/www.educaplanet.com\/educaplanet\/\"},{\"@type\":\"ListItem\",\"position\":2,\"name\":\"Pol\u00edtica de devoluciones\"}]},{\"@type\":\"WebSite\",\"@id\":\"https:\/\/www.educaplanet.com\/educaplanet\/#website\",\"url\":\"https:\/\/www.educaplanet.com\/educaplanet\/\",\"name\":\"EDUCAPLANET APPS\",\"description\":\"Apps y juegos educativos para ni\u00f1os y ni\u00f1as\",\"potentialAction\":[{\"@type\":\"SearchAction\",\"target\":{\"@type\":\"EntryPoint\",\"urlTemplate\":\"https:\/\/www.educaplanet.com\/educaplanet\/?s={search_term_string}\"},\"query-input\":{\"@type\":\"PropertyValueSpecification\",\"valueRequired\":true,\"valueName\":\"search_term_string\"}}],\"inLanguage\":\"es\"}]}<\/script>\n<!-- \/ Yoast SEO plugin. -->","yoast_head_json":{"title":"Pol\u00edtica de devoluciones - EDUCAPLANET APPS","robots":{"index":"index","follow":"follow","max-snippet":"max-snippet:-1","max-image-preview":"max-image-preview:large","max-video-preview":"max-video-preview:-1"},"canonical":"https:\/\/www.educaplanet.com\/educaplanet\/politica-de-devoluciones\/","og_locale":"es_ES","og_type":"article","og_title":"Pol\u00edtica de devoluciones - EDUCAPLANET APPS","og_description":"El importe de una compra se devolver\u00e1 solo en caso de NO haberse utilizado el c\u00f3digo de activaci\u00f3n adquirido desde la tienda de Educaplanet s.l. Tiene un plazo de\u00a014 d\u00edas naturales desde la fecha del pedido. Contacte \u00a0v\u00eda email con soporte@educaplanet.com indicando el n\u00famero de pedido, los datos del comprador y m\u00e9todo para hacer el reembolso. Una vez llegue la petici\u00f3n el importe se reembolsar\u00e1 en el\u00a0m\u00e9todo de pago indicado. &nbsp; Informaci\u00f3n Legal Educaplanet s.l. \u00a0NIF B 57879454 T. (+34) 610 271755 &#8211; 619343240 C\/ Antoni Planas i Franch, n\u00ba5 2D. 07001 Palma de Mallorca. Illes Balears. Espa\u00f1a. &nbsp;","og_url":"https:\/\/www.educaplanet.com\/educaplanet\/politica-de-devoluciones\/","og_site_name":"EDUCAPLANET APPS","article_publisher":"https:\/\/www.facebook.com\/educaplanet","article_modified_time":"2017-02-21T08:22:13+00:00","twitter_card":"summary_large_image","twitter_site":"@educaplanet_es","twitter_misc":{"Tiempo de lectura":"1 minuto"},"schema":{"@context":"https:\/\/schema.org","@graph":[{"@type":"WebPage","@id":"https:\/\/www.educaplanet.com\/educaplanet\/politica-de-devoluciones\/","url":"https:\/\/www.educaplanet.com\/educaplanet\/politica-de-devoluciones\/","name":"Pol\u00edtica de devoluciones - EDUCAPLANET APPS","isPartOf":{"@id":"https:\/\/www.educaplanet.com\/educaplanet\/#website"},"datePublished":"2017-02-07T10:18:41+00:00","dateModified":"2017-02-21T08:22:13+00:00","breadcrumb":{"@id":"https:\/\/www.educaplanet.com\/educaplanet\/politica-de-devoluciones\/#breadcrumb"},"inLanguage":"es","potentialAction":[{"@type":"ReadAction","target":["https:\/\/www.educaplanet.com\/educaplanet\/politica-de-devoluciones\/"]}]},{"@type":"BreadcrumbList","@id":"https:\/\/www.educaplanet.com\/educaplanet\/politica-de-devoluciones\/#breadcrumb","itemListElement":[{"@type":"ListItem","position":1,"name":"Portada","item":"https:\/\/www.educaplanet.com\/educaplanet\/"},{"@type":"ListItem","position":2,"name":"Pol\u00edtica de devoluciones"}]},{"@type":"WebSite","@id":"https:\/\/www.educaplanet.com\/educaplanet\/#website","url":"https:\/\/www.educaplanet.com\/educaplanet\/","name":"EDUCAPLANET APPS","description":"Apps y juegos educativos para ni\u00f1os y ni\u00f1as","potentialAction":[{"@type":"SearchAction","target":{"@type":"EntryPoint","urlTemplate":"https:\/\/www.educaplanet.com\/educaplanet\/?s={search_term_string}"},"query-input":{"@type":"PropertyValueSpecification","valueRequired":true,"valueName":"search_term_string"}}],"inLanguage":"es"}]}},"_links":{"self":[{"href":"https:\/\/www.educaplanet.com\/educaplanet\/wp-json\/wp\/v2\/pages\/1940","targetHints":{"allow":["GET"]}}],"collection":[{"href":"https:\/\/www.educaplanet.com\/educaplanet\/wp-json\/wp\/v2\/pages"}],"about":[{"href":"https:\/\/www.educaplanet.com\/educaplanet\/wp-json\/wp\/v2\/types\/page"}],"author":[{"embeddable":true,"href":"https:\/\/www.educaplanet.com\/educaplanet\/wp-json\/wp\/v2\/users\/3"}],"replies":[{"embeddable":true,"href":"https:\/\/www.educaplanet.com\/educaplanet\/wp-json\/wp\/v2\/comments?post=1940"}],"version-history":[{"count":7,"href":"https:\/\/www.educaplanet.com\/educaplanet\/wp-json\/wp\/v2\/pages\/1940\/revisions"}],"predecessor-version":[{"id":2013,"href":"https:\/\/www.educaplanet.com\/educaplanet\/wp-json\/wp\/v2\/pages\/1940\/revisions\/2013"}],"wp:attachment":[{"href":"https:\/\/www.educaplanet.com\/educaplanet\/wp-json\/wp\/v2\/media?parent=1940"}],"curies":[{"name":"wp","href":"https:\/\/api.w.org\/{rel}","templated":true}]}}