{"id":3617,"date":"2018-10-10T13:19:29","date_gmt":"2018-10-10T12:19:29","guid":{"rendered":"https:\/\/www.educaplanet.com\/educaplanet\/?page_id=3617"},"modified":"2019-10-29T10:21:35","modified_gmt":"2019-10-29T09:21:35","slug":"aprender-a-leer-2-grin-uipi","status":"publish","type":"page","link":"https:\/\/www.educaplanet.com\/educaplanet\/aprender-a-leer-2-grin-uipi\/","title":{"rendered":"APRENDER A LEER 2 grin uipi"},"content":{"rendered":"<h1>APRENDER A LEER 2 CON GRIN Y UIPI es la segunda parte del m\u00e9todo interactivo LEO CON GRIN.<\/h1>\n<p>Es una aplicaci\u00f3n dirigida a educaci\u00f3n Infantil y Primaria, para ni\u00f1os desde 5 hasta 8 a\u00f1os.<\/p>\n<p>Jugando aprenden las s\u00edlabas trabadas, y compuestas, perfeccionan la lectura de palabras y frases, y adquieren una mayor comprensi\u00f3n lectora.<\/p>\n<p><a href=\"https:\/\/play.google.com\/store\/apps\/details?id=air.educaplanet.leer2\" target=\"_blank\" rel=\"noopener noreferrer\"><img loading=\"lazy\" decoding=\"async\" class=\"aligncenter wp-image-3680 size-full\" src=\"https:\/\/www.educaplanet.com\/educaplanet\/wp-content\/uploads\/2018\/11\/lee2-googleplay.png\" alt=\"Aprender a leer 2 GooglePlay App\" width=\"204\" height=\"48\" \/><\/a> <a href=\"https:\/\/itunes.apple.com\/es\/app\/aprender-a-leer-2-grin-y-uipi\/id1438493204?mt=8\" target=\"_blank\" rel=\"noopener noreferrer\"><img loading=\"lazy\" decoding=\"async\" class=\"aligncenter wp-image-3679 size-full\" src=\"https:\/\/www.educaplanet.com\/educaplanet\/wp-content\/uploads\/2018\/11\/lee2-itunes.png\" alt=\"Aprender a leer 2 iTunes\" width=\"203\" height=\"45\" \/><\/a> <a href=\"https:\/\/www.educaplanet.com\/educaplanet\/juegos\/pc-mac\/\"><img loading=\"lazy\" decoding=\"async\" class=\"aligncenter size-full wp-image-3678\" src=\"https:\/\/www.educaplanet.com\/educaplanet\/wp-content\/uploads\/2018\/11\/lee2-pc.png\" alt=\"Aprender a leer 2 PC\" width=\"204\" height=\"47\" \/><\/a><\/p>\n<p><img loading=\"lazy\" decoding=\"async\" class=\"aligncenter size-full wp-image-3649\" src=\"https:\/\/www.educaplanet.com\/educaplanet\/wp-content\/uploads\/2018\/11\/menu-leo2-aprender-leer.png\" alt=\"menu aprender a leer 2 silabas trabadas\" width=\"500\" height=\"343\" srcset=\"https:\/\/www.educaplanet.com\/educaplanet\/wp-content\/uploads\/2018\/11\/menu-leo2-aprender-leer.png 500w, https:\/\/www.educaplanet.com\/educaplanet\/wp-content\/uploads\/2018\/11\/menu-leo2-aprender-leer-300x206.png 300w\" sizes=\"auto, (max-width: 500px) 100vw, 500px\" \/><\/p>\n<p>Para trabajar diferentes aspectos relacionados con el lenguaje oral y escrito, a la vez que fomentan las \u00e1reas verbales: comprensi\u00f3n y fluidez verbal, lectura y escritura.<\/p>\n<h2>25 LECCIONES O CARTILLAS con 12 JUEGOS\u00a0para aprender a leer 2<\/h2>\n<p>1. <strong>ROBOT<\/strong>: Presentaci\u00f3n de la palabra y sus parte.<\/p>\n<p><strong>JUEGOS DE S\u00cdLABAS<br \/>\n<\/strong><img loading=\"lazy\" decoding=\"async\" class=\"size-full wp-image-3654\" src=\"https:\/\/www.educaplanet.com\/educaplanet\/wp-content\/uploads\/2018\/11\/collage-juegos-silabas-leo2.jpg\" alt=\"Juegos de s\u00edlabas trabadas lectoescritura con GRIN\" width=\"1200\" height=\"324\" srcset=\"https:\/\/www.educaplanet.com\/educaplanet\/wp-content\/uploads\/2018\/11\/collage-juegos-silabas-leo2.jpg 1200w, https:\/\/www.educaplanet.com\/educaplanet\/wp-content\/uploads\/2018\/11\/collage-juegos-silabas-leo2-600x162.jpg 600w, https:\/\/www.educaplanet.com\/educaplanet\/wp-content\/uploads\/2018\/11\/collage-juegos-silabas-leo2-300x81.jpg 300w, https:\/\/www.educaplanet.com\/educaplanet\/wp-content\/uploads\/2018\/11\/collage-juegos-silabas-leo2-768x207.jpg 768w, https:\/\/www.educaplanet.com\/educaplanet\/wp-content\/uploads\/2018\/11\/collage-juegos-silabas-leo2-1024x276.jpg 1024w\" sizes=\"auto, (max-width: 1200px) 100vw, 1200px\" \/><\/p>\n<p>2. <strong>ASTEROIDE<\/strong>: Encaje de la forma de cada una de las s\u00edlabas. asteroides2<br \/>\n3. <strong>CANGREJOS<\/strong>: Formaci\u00f3n de s\u00edlabas a partir de letras.<br \/>\n4. <strong>NAVES ESPACIALES<\/strong>: Identificaci\u00f3n de s\u00edlabas.<\/p>\n<p><img loading=\"lazy\" decoding=\"async\" class=\"aligncenter size-full wp-image-3650\" src=\"https:\/\/www.educaplanet.com\/educaplanet\/wp-content\/uploads\/2018\/11\/silabas-trabadas-lectura.png\" alt=\"\" width=\"500\" height=\"343\" srcset=\"https:\/\/www.educaplanet.com\/educaplanet\/wp-content\/uploads\/2018\/11\/silabas-trabadas-lectura.png 500w, https:\/\/www.educaplanet.com\/educaplanet\/wp-content\/uploads\/2018\/11\/silabas-trabadas-lectura-300x206.png 300w\" sizes=\"auto, (max-width: 500px) 100vw, 500px\" \/><\/p>\n<p><iframe loading=\"lazy\" src=\"https:\/\/www.youtube.com\/embed\/7n-kU2ugFBg\" width=\"560\" height=\"315\" frameborder=\"0\" allowfullscreen=\"allowfullscreen\"><\/iframe><\/p>\n<h3>JUEGOS DE PALABRAS<\/h3>\n<p><strong><img loading=\"lazy\" decoding=\"async\" class=\"aligncenter size-full wp-image-3653\" src=\"https:\/\/www.educaplanet.com\/educaplanet\/wp-content\/uploads\/2018\/11\/collage-juegos-lectura-palabras-leo2-2.jpg\" alt=\"\" width=\"1200\" height=\"240\" srcset=\"https:\/\/www.educaplanet.com\/educaplanet\/wp-content\/uploads\/2018\/11\/collage-juegos-lectura-palabras-leo2-2.jpg 1200w, https:\/\/www.educaplanet.com\/educaplanet\/wp-content\/uploads\/2018\/11\/collage-juegos-lectura-palabras-leo2-2-600x120.jpg 600w, https:\/\/www.educaplanet.com\/educaplanet\/wp-content\/uploads\/2018\/11\/collage-juegos-lectura-palabras-leo2-2-300x60.jpg 300w, https:\/\/www.educaplanet.com\/educaplanet\/wp-content\/uploads\/2018\/11\/collage-juegos-lectura-palabras-leo2-2-768x154.jpg 768w, https:\/\/www.educaplanet.com\/educaplanet\/wp-content\/uploads\/2018\/11\/collage-juegos-lectura-palabras-leo2-2-1024x205.jpg 1024w\" sizes=\"auto, (max-width: 1200px) 100vw, 1200px\" \/><\/strong><\/p>\n<p>5. <strong>ROBOTITO<\/strong>: Formaci\u00f3n de palabras a partir de s\u00edlabas.<br \/>\n6. <strong>ALIEN<\/strong>: Formaci\u00f3n de palabras a partir de letras.<br \/>\n7. <strong>EXTRATERRESTRES<\/strong>: Reconocimiento y lectura de palabras.<br \/>\n8.<strong> ROBOT B\u00daHO:<\/strong> Teclea la palabra.<\/p>\n<p><iframe loading=\"lazy\" src=\"https:\/\/www.youtube.com\/embed\/JnYb7n6nOOg\" width=\"560\" height=\"315\" frameborder=\"0\" allowfullscreen=\"allowfullscreen\"><\/iframe><\/p>\n<h4>JUEGOS DE ORACIONES<\/h4>\n<p><strong><img loading=\"lazy\" decoding=\"async\" class=\"aligncenter size-full wp-image-3652\" src=\"https:\/\/www.educaplanet.com\/educaplanet\/wp-content\/uploads\/2018\/11\/collage-juegos-aprender-leer-2-frases.jpg\" alt=\"\" width=\"1200\" height=\"264\" srcset=\"https:\/\/www.educaplanet.com\/educaplanet\/wp-content\/uploads\/2018\/11\/collage-juegos-aprender-leer-2-frases.jpg 1200w, https:\/\/www.educaplanet.com\/educaplanet\/wp-content\/uploads\/2018\/11\/collage-juegos-aprender-leer-2-frases-600x132.jpg 600w, https:\/\/www.educaplanet.com\/educaplanet\/wp-content\/uploads\/2018\/11\/collage-juegos-aprender-leer-2-frases-300x66.jpg 300w, https:\/\/www.educaplanet.com\/educaplanet\/wp-content\/uploads\/2018\/11\/collage-juegos-aprender-leer-2-frases-768x169.jpg 768w, https:\/\/www.educaplanet.com\/educaplanet\/wp-content\/uploads\/2018\/11\/collage-juegos-aprender-leer-2-frases-1024x225.jpg 1024w\" sizes=\"auto, (max-width: 1200px) 100vw, 1200px\" \/><\/strong><\/p>\n<p>9. <strong>BLADIBL\u00da<\/strong>: El orden de la frase y lectura de frases.<br \/>\n10. <strong>CARACOLES<\/strong>: Formaci\u00f3n de frases a partir de palabras.<br \/>\n11. <strong>ESTRELLITA<\/strong>: Teclea frases<br \/>\n12. <strong>COMPRENSI\u00d3N LECTORA<\/strong>: Responde a las preguntas.<\/p>\n<p><img loading=\"lazy\" decoding=\"async\" class=\"aligncenter size-full wp-image-3651\" src=\"https:\/\/www.educaplanet.com\/educaplanet\/wp-content\/uploads\/2018\/11\/teclea-frases.png\" alt=\"\" width=\"500\" height=\"343\" srcset=\"https:\/\/www.educaplanet.com\/educaplanet\/wp-content\/uploads\/2018\/11\/teclea-frases.png 500w, https:\/\/www.educaplanet.com\/educaplanet\/wp-content\/uploads\/2018\/11\/teclea-frases-300x206.png 300w\" sizes=\"auto, (max-width: 500px) 100vw, 500px\" \/><\/p>\n<p><img loading=\"lazy\" decoding=\"async\" class=\"aligncenter size-full wp-image-3648\" src=\"https:\/\/www.educaplanet.com\/educaplanet\/wp-content\/uploads\/2018\/11\/juego-comprension-lectora.png\" alt=\"\" width=\"500\" height=\"343\" srcset=\"https:\/\/www.educaplanet.com\/educaplanet\/wp-content\/uploads\/2018\/11\/juego-comprension-lectora.png 500w, https:\/\/www.educaplanet.com\/educaplanet\/wp-content\/uploads\/2018\/11\/juego-comprension-lectora-300x206.png 300w\" sizes=\"auto, (max-width: 500px) 100vw, 500px\" \/><\/p>\n<p><iframe loading=\"lazy\" src=\"https:\/\/www.youtube.com\/embed\/Pb0cd3__GX8\" width=\"560\" height=\"315\" frameborder=\"0\" allowfullscreen=\"allowfullscreen\"><\/iframe><\/p>\n<p><strong>2 NIVELES<\/strong><br \/>\nEn cada juego se cuenta con dos niveles que se eligen para cada juego de forma independiente, as\u00ed puede tener un juego como el robot en Nivel 2 pero otro como el de Teclear en Nivel1, para adaptarlos a su peque. Normalmente la difenrecia entre Nivel 1 y 2 es esta:<\/p>\n<ul>\n<li>Nivel 1 con ayuda visual en el enunciado.<\/li>\n<li>Nivel 2 sin ayuda visual, por lo que se debe escuchar atentamente.<br \/>\nEl ni\u00f1o avanza a su propio ritmo, puede interrumpir el juego y volver en otro momento.<\/li>\n<\/ul>\n<p><strong>3 TIPOS DE LETRA<\/strong><br \/>\nElija may\u00fasculas, min\u00fasculas de palo seco o letra enlazada.<\/p>\n<p>Les animamos a revisar nuestra gu\u00eda did\u00e1ctica para saber m\u00e1s de nuestro juego:<\/p>\n<p><iframe loading=\"lazy\" style=\"border: 1px solid #CCC; border-width: 1px; margin-bottom: 5px; max-width: 100%;\" src=\"\/\/www.slideshare.net\/slideshow\/embed_code\/key\/1estWOzlIRS3C\" width=\"595\" height=\"485\" frameborder=\"0\" marginwidth=\"0\" marginheight=\"0\" scrolling=\"no\" allowfullscreen=\"allowfullscreen\"> <\/iframe><\/p>\n<div style=\"margin-bottom: 5px;\"><strong> <a title=\"Guia did\u00e1ctica Aprender a leer 2\" href=\"\/\/www.slideshare.net\/Educaplanet\/guia-didctica-aprender-a-leer-2\" target=\"_blank\" rel=\"noopener noreferrer\">Guia did\u00e1ctica Aprender a leer 2<\/a> <\/strong> from <strong><a href=\"\/\/www.slideshare.net\/Educaplanet\" target=\"_blank\" rel=\"noopener noreferrer\">Educaplanet<\/a><\/strong><\/div>\n<p><strong>PROGRESOS<\/strong><br \/>\nPuede crear hasta tres perfiles (avatares) de ni\u00f1os diferentes y para cada uno de ellos puede consultar los progresos para cada nivel as\u00ed como los aciertos y errores y el porcentaje resuelto que se representa en forma de frutas.<\/p>\n<p>Las frutas son una forma divertida de motivar a los peque\u00f1os a que sigan jugando. Cuando tenga algunas en la cesta, pulse encima para d\u00e1rselas a los aliens.<br \/>\nSi quiere una visi\u00f3n m\u00e1s completa de los progresos pulse el bot\u00f3n progresos de la pantalla MEN\u00da CARTILLA.<\/p>\n<p><a href=\"https:\/\/play.google.com\/store\/apps\/details?id=air.educaplanet.leer2\" target=\"_blank\" rel=\"noopener noreferrer\"><img loading=\"lazy\" decoding=\"async\" class=\"aligncenter wp-image-3680 size-full\" src=\"https:\/\/www.educaplanet.com\/educaplanet\/wp-content\/uploads\/2018\/11\/lee2-googleplay.png\" alt=\"Aprender a leer 2 GooglePlay App\" width=\"204\" height=\"48\" \/><\/a> <a href=\"https:\/\/itunes.apple.com\/es\/app\/aprender-a-leer-2-grin-y-uipi\/id1438493204?mt=8\" target=\"_blank\" rel=\"noopener noreferrer\"><img loading=\"lazy\" decoding=\"async\" class=\"aligncenter wp-image-3679 size-full\" src=\"https:\/\/www.educaplanet.com\/educaplanet\/wp-content\/uploads\/2018\/11\/lee2-itunes.png\" alt=\"Aprender a leer 2 iTunes\" width=\"203\" height=\"45\" \/><\/a> <a href=\"https:\/\/www.educaplanet.com\/educaplanet\/juegos\/pc-mac\/\"><img loading=\"lazy\" decoding=\"async\" class=\"aligncenter size-full wp-image-3678\" src=\"https:\/\/www.educaplanet.com\/educaplanet\/wp-content\/uploads\/2018\/11\/lee2-pc.png\" alt=\"Aprender a leer 2 PC\" width=\"204\" height=\"47\" \/><\/a><\/p>\n<ul>\n<li><strong>Para cualquier duda o problema:<\/strong><\/li>\n<\/ul>\n<p>contacte con nosotros desde nuestras redes sociales como <a href=\"https:\/\/www.facebook.com\/educaplanet\/\">Facebook<\/a> o <a href=\"https:\/\/twitter.com\/Educaplanet_es?lang=es\">Twitter<\/a> o por email a trav\u00e9s de <a href=\"https:\/\/www.educaplanet.com\/educaplanet\/contacto\/\">CONTACTO<\/a>.<\/p>\n<ul>\n<li><strong>Tambi\u00e9n os puede interesar:<a href=\"https:\/\/www.educaplanet.com\/educaplanet\/juegos\/aprender-a-leer-con-grin\/\"> LEO CON GRIN<\/a> &#8211;<\/strong><br \/>\n1\u00aa parte del m\u00e9todo interactivo con s\u00edlabas directas.<a href=\"https:\/\/www.educaplanet.com\/educaplanet\/juegos\/aprender-a-leer-con-grin\/\"><img loading=\"lazy\" decoding=\"async\" class=\"aligncenter wp-image-327 size-full\" src=\"https:\/\/www.educaplanet.com\/educaplanet\/wp-content\/uploads\/2013\/11\/leogrin144.png\" alt=\"Leo con Grin, juegos para aprender a leer\" width=\"144\" height=\"144\" srcset=\"https:\/\/www.educaplanet.com\/educaplanet\/wp-content\/uploads\/2013\/11\/leogrin144.png 144w, https:\/\/www.educaplanet.com\/educaplanet\/wp-content\/uploads\/2013\/11\/leogrin144-100x100.png 100w\" sizes=\"auto, (max-width: 144px) 100vw, 144px\" \/><\/a><\/li>\n<\/ul>\n","protected":false},"excerpt":{"rendered":"<p>APRENDER A LEER 2 CON GRIN Y UIPI es la segunda parte del m\u00e9todo interactivo LEO CON GRIN. Es una aplicaci\u00f3n dirigida a educaci\u00f3n Infantil y Primaria, para ni\u00f1os desde 5 hasta 8 a\u00f1os. Jugando aprenden las s\u00edlabas trabadas, y compuestas, perfeccionan la lectura de palabras y frases, y adquieren una mayor comprensi\u00f3n lectora. Para trabajar diferentes aspectos relacionados con el lenguaje oral y escrito, a la vez que fomentan las \u00e1reas verbales: comprensi\u00f3n y fluidez verbal, lectura y escritura. 25 LECCIONES O CARTILLAS con 12 JUEGOS\u00a0para aprender a leer 2 1. ROBOT: Presentaci\u00f3n de la palabra y sus parte.<\/p>\n","protected":false},"author":3,"featured_media":0,"parent":0,"menu_order":0,"comment_status":"closed","ping_status":"closed","template":"","meta":{"_monsterinsights_skip_tracking":false,"_monsterinsights_sitenote_active":false,"_monsterinsights_sitenote_note":"","_monsterinsights_sitenote_category":0,"footnotes":""},"class_list":["post-3617","page","type-page","status-publish","hentry"],"yoast_head":"<!-- This site is optimized with the Yoast SEO plugin v27.2 - https:\/\/yoast.com\/product\/yoast-seo-wordpress\/ -->\n<title>APRENDER A LEER 2 grin uipi - EDUCAPLANET APPS<\/title>\n<meta name=\"description\" content=\"Aprender a leer 2 con grin y uipi - segunda parte del m\u00e9todo de lectoescritura de los creadores de Pipo: s\u00edlabas trabadas y comprensi\u00f3n lectora.\" \/>\n<meta name=\"robots\" content=\"index, follow, max-snippet:-1, max-image-preview:large, max-video-preview:-1\" \/>\n<link rel=\"canonical\" href=\"https:\/\/www.educaplanet.com\/educaplanet\/aprender-a-leer-2-grin-uipi\/\" \/>\n<meta property=\"og:locale\" content=\"es_ES\" \/>\n<meta property=\"og:type\" content=\"article\" \/>\n<meta property=\"og:title\" content=\"APRENDER A LEER 2 grin uipi - EDUCAPLANET APPS\" \/>\n<meta property=\"og:description\" content=\"Aprender a leer 2 con grin y uipi - segunda parte del m\u00e9todo de lectoescritura de los creadores de Pipo: s\u00edlabas trabadas y comprensi\u00f3n lectora.\" \/>\n<meta property=\"og:url\" content=\"https:\/\/www.educaplanet.com\/educaplanet\/aprender-a-leer-2-grin-uipi\/\" \/>\n<meta property=\"og:site_name\" content=\"EDUCAPLANET APPS\" \/>\n<meta property=\"article:publisher\" content=\"https:\/\/www.facebook.com\/educaplanet\" \/>\n<meta property=\"article:modified_time\" content=\"2019-10-29T09:21:35+00:00\" \/>\n<meta property=\"og:image\" content=\"https:\/\/www.educaplanet.com\/educaplanet\/wp-content\/uploads\/2018\/11\/lee2-googleplay.png\" \/>\n<meta name=\"twitter:card\" content=\"summary_large_image\" \/>\n<meta name=\"twitter:site\" content=\"@educaplanet_es\" \/>\n<meta name=\"twitter:label1\" content=\"Tiempo de lectura\" \/>\n\t<meta name=\"twitter:data1\" content=\"2 minutos\" \/>\n<script type=\"application\/ld+json\" class=\"yoast-schema-graph\">{\"@context\":\"https:\/\/schema.org\",\"@graph\":[{\"@type\":\"WebPage\",\"@id\":\"https:\/\/www.educaplanet.com\/educaplanet\/aprender-a-leer-2-grin-uipi\/\",\"url\":\"https:\/\/www.educaplanet.com\/educaplanet\/aprender-a-leer-2-grin-uipi\/\",\"name\":\"APRENDER A LEER 2 grin uipi - EDUCAPLANET APPS\",\"isPartOf\":{\"@id\":\"https:\/\/www.educaplanet.com\/educaplanet\/#website\"},\"primaryImageOfPage\":{\"@id\":\"https:\/\/www.educaplanet.com\/educaplanet\/aprender-a-leer-2-grin-uipi\/#primaryimage\"},\"image\":{\"@id\":\"https:\/\/www.educaplanet.com\/educaplanet\/aprender-a-leer-2-grin-uipi\/#primaryimage\"},\"thumbnailUrl\":\"https:\/\/www.educaplanet.com\/educaplanet\/wp-content\/uploads\/2018\/11\/lee2-googleplay.png\",\"datePublished\":\"2018-10-10T12:19:29+00:00\",\"dateModified\":\"2019-10-29T09:21:35+00:00\",\"description\":\"Aprender a leer 2 con grin y uipi - segunda parte del m\u00e9todo de lectoescritura de los creadores de Pipo: s\u00edlabas trabadas y comprensi\u00f3n lectora.\",\"breadcrumb\":{\"@id\":\"https:\/\/www.educaplanet.com\/educaplanet\/aprender-a-leer-2-grin-uipi\/#breadcrumb\"},\"inLanguage\":\"es\",\"potentialAction\":[{\"@type\":\"ReadAction\",\"target\":[\"https:\/\/www.educaplanet.com\/educaplanet\/aprender-a-leer-2-grin-uipi\/\"]}]},{\"@type\":\"ImageObject\",\"inLanguage\":\"es\",\"@id\":\"https:\/\/www.educaplanet.com\/educaplanet\/aprender-a-leer-2-grin-uipi\/#primaryimage\",\"url\":\"https:\/\/www.educaplanet.com\/educaplanet\/wp-content\/uploads\/2018\/11\/lee2-googleplay.png\",\"contentUrl\":\"https:\/\/www.educaplanet.com\/educaplanet\/wp-content\/uploads\/2018\/11\/lee2-googleplay.png\",\"width\":204,\"height\":48,\"caption\":\"Aprender a leer 2 GooglePlay App\"},{\"@type\":\"BreadcrumbList\",\"@id\":\"https:\/\/www.educaplanet.com\/educaplanet\/aprender-a-leer-2-grin-uipi\/#breadcrumb\",\"itemListElement\":[{\"@type\":\"ListItem\",\"position\":1,\"name\":\"Portada\",\"item\":\"https:\/\/www.educaplanet.com\/educaplanet\/\"},{\"@type\":\"ListItem\",\"position\":2,\"name\":\"APRENDER A LEER 2 grin uipi\"}]},{\"@type\":\"WebSite\",\"@id\":\"https:\/\/www.educaplanet.com\/educaplanet\/#website\",\"url\":\"https:\/\/www.educaplanet.com\/educaplanet\/\",\"name\":\"EDUCAPLANET APPS\",\"description\":\"Apps y juegos educativos para ni\u00f1os y ni\u00f1as\",\"potentialAction\":[{\"@type\":\"SearchAction\",\"target\":{\"@type\":\"EntryPoint\",\"urlTemplate\":\"https:\/\/www.educaplanet.com\/educaplanet\/?s={search_term_string}\"},\"query-input\":{\"@type\":\"PropertyValueSpecification\",\"valueRequired\":true,\"valueName\":\"search_term_string\"}}],\"inLanguage\":\"es\"}]}<\/script>\n<!-- \/ Yoast SEO plugin. -->","yoast_head_json":{"title":"APRENDER A LEER 2 grin uipi - EDUCAPLANET APPS","description":"Aprender a leer 2 con grin y uipi - segunda parte del m\u00e9todo de lectoescritura de los creadores de Pipo: s\u00edlabas trabadas y comprensi\u00f3n lectora.","robots":{"index":"index","follow":"follow","max-snippet":"max-snippet:-1","max-image-preview":"max-image-preview:large","max-video-preview":"max-video-preview:-1"},"canonical":"https:\/\/www.educaplanet.com\/educaplanet\/aprender-a-leer-2-grin-uipi\/","og_locale":"es_ES","og_type":"article","og_title":"APRENDER A LEER 2 grin uipi - EDUCAPLANET APPS","og_description":"Aprender a leer 2 con grin y uipi - segunda parte del m\u00e9todo de lectoescritura de los creadores de Pipo: s\u00edlabas trabadas y comprensi\u00f3n lectora.","og_url":"https:\/\/www.educaplanet.com\/educaplanet\/aprender-a-leer-2-grin-uipi\/","og_site_name":"EDUCAPLANET APPS","article_publisher":"https:\/\/www.facebook.com\/educaplanet","article_modified_time":"2019-10-29T09:21:35+00:00","og_image":[{"url":"https:\/\/www.educaplanet.com\/educaplanet\/wp-content\/uploads\/2018\/11\/lee2-googleplay.png","type":"","width":"","height":""}],"twitter_card":"summary_large_image","twitter_site":"@educaplanet_es","twitter_misc":{"Tiempo de lectura":"2 minutos"},"schema":{"@context":"https:\/\/schema.org","@graph":[{"@type":"WebPage","@id":"https:\/\/www.educaplanet.com\/educaplanet\/aprender-a-leer-2-grin-uipi\/","url":"https:\/\/www.educaplanet.com\/educaplanet\/aprender-a-leer-2-grin-uipi\/","name":"APRENDER A LEER 2 grin uipi - EDUCAPLANET APPS","isPartOf":{"@id":"https:\/\/www.educaplanet.com\/educaplanet\/#website"},"primaryImageOfPage":{"@id":"https:\/\/www.educaplanet.com\/educaplanet\/aprender-a-leer-2-grin-uipi\/#primaryimage"},"image":{"@id":"https:\/\/www.educaplanet.com\/educaplanet\/aprender-a-leer-2-grin-uipi\/#primaryimage"},"thumbnailUrl":"https:\/\/www.educaplanet.com\/educaplanet\/wp-content\/uploads\/2018\/11\/lee2-googleplay.png","datePublished":"2018-10-10T12:19:29+00:00","dateModified":"2019-10-29T09:21:35+00:00","description":"Aprender a leer 2 con grin y uipi - segunda parte del m\u00e9todo de lectoescritura de los creadores de Pipo: s\u00edlabas trabadas y comprensi\u00f3n lectora.","breadcrumb":{"@id":"https:\/\/www.educaplanet.com\/educaplanet\/aprender-a-leer-2-grin-uipi\/#breadcrumb"},"inLanguage":"es","potentialAction":[{"@type":"ReadAction","target":["https:\/\/www.educaplanet.com\/educaplanet\/aprender-a-leer-2-grin-uipi\/"]}]},{"@type":"ImageObject","inLanguage":"es","@id":"https:\/\/www.educaplanet.com\/educaplanet\/aprender-a-leer-2-grin-uipi\/#primaryimage","url":"https:\/\/www.educaplanet.com\/educaplanet\/wp-content\/uploads\/2018\/11\/lee2-googleplay.png","contentUrl":"https:\/\/www.educaplanet.com\/educaplanet\/wp-content\/uploads\/2018\/11\/lee2-googleplay.png","width":204,"height":48,"caption":"Aprender a leer 2 GooglePlay App"},{"@type":"BreadcrumbList","@id":"https:\/\/www.educaplanet.com\/educaplanet\/aprender-a-leer-2-grin-uipi\/#breadcrumb","itemListElement":[{"@type":"ListItem","position":1,"name":"Portada","item":"https:\/\/www.educaplanet.com\/educaplanet\/"},{"@type":"ListItem","position":2,"name":"APRENDER A LEER 2 grin uipi"}]},{"@type":"WebSite","@id":"https:\/\/www.educaplanet.com\/educaplanet\/#website","url":"https:\/\/www.educaplanet.com\/educaplanet\/","name":"EDUCAPLANET APPS","description":"Apps y juegos educativos para ni\u00f1os y ni\u00f1as","potentialAction":[{"@type":"SearchAction","target":{"@type":"EntryPoint","urlTemplate":"https:\/\/www.educaplanet.com\/educaplanet\/?s={search_term_string}"},"query-input":{"@type":"PropertyValueSpecification","valueRequired":true,"valueName":"search_term_string"}}],"inLanguage":"es"}]}},"_links":{"self":[{"href":"https:\/\/www.educaplanet.com\/educaplanet\/wp-json\/wp\/v2\/pages\/3617","targetHints":{"allow":["GET"]}}],"collection":[{"href":"https:\/\/www.educaplanet.com\/educaplanet\/wp-json\/wp\/v2\/pages"}],"about":[{"href":"https:\/\/www.educaplanet.com\/educaplanet\/wp-json\/wp\/v2\/types\/page"}],"author":[{"embeddable":true,"href":"https:\/\/www.educaplanet.com\/educaplanet\/wp-json\/wp\/v2\/users\/3"}],"replies":[{"embeddable":true,"href":"https:\/\/www.educaplanet.com\/educaplanet\/wp-json\/wp\/v2\/comments?post=3617"}],"version-history":[{"count":9,"href":"https:\/\/www.educaplanet.com\/educaplanet\/wp-json\/wp\/v2\/pages\/3617\/revisions"}],"predecessor-version":[{"id":4366,"href":"https:\/\/www.educaplanet.com\/educaplanet\/wp-json\/wp\/v2\/pages\/3617\/revisions\/4366"}],"wp:attachment":[{"href":"https:\/\/www.educaplanet.com\/educaplanet\/wp-json\/wp\/v2\/media?parent=3617"}],"curies":[{"name":"wp","href":"https:\/\/api.w.org\/{rel}","templated":true}]}}