{"id":2760,"date":"2017-10-06T08:22:59","date_gmt":"2017-10-06T07:22:59","guid":{"rendered":"http:\/\/www.educaplanet.com\/educaplanet\/?page_id=2760"},"modified":"2018-07-12T09:15:40","modified_gmt":"2018-07-12T08:15:40","slug":"english-456-aprender-ingles-para-ninos","status":"publish","type":"page","link":"https:\/\/www.educaplanet.com\/educaplanet_test\/english-456-aprender-ingles-para-ninos\/","title":{"rendered":"ENGLISH 456 aprender ingles para ni\u00f1os"},"content":{"rendered":"<h1>ENGLISH 456 aprender ingl\u00e9s para ni\u00f1os es una aplicaci\u00f3n dirigida a ni\u00f1os y ni\u00f1as desde 3 hasta 6 o 7 a\u00f1os.<\/h1>\n<p>Disponible en smartphones y tabletas <a href=\"https:\/\/play.google.com\/store\/apps\/details?id=air.educaplanet.ing.A456\">Android &#8211; Google Play<\/a>, <a href=\"https:\/\/itunes.apple.com\/us\/app\/english-456-aprender-ingl\u00e9s\/id1257281574?l=es&amp;ls=1&amp;mt=8\">iPad o iPhone de Apple<\/a> (iTunes) y ordenadores Windows. \u00a1ACTUALIZADO CON 5 JUEGOS!<\/p>\n<p><a href=\"https:\/\/play.google.com\/store\/apps\/details?id=air.educaplanet.ing.A456\" target=\"_blank\" rel=\"noopener\"><img loading=\"lazy\" decoding=\"async\" class=\"aligncenter wp-image-2776 size-full\" src=\"https:\/\/www.educaplanet.com\/educaplanet\/wp-content\/uploads\/2017\/10\/english456_googleplay.png\" alt=\"\" width=\"207\" height=\"48\" \/><\/a><br \/>\n<a href=\"https:\/\/itunes.apple.com\/us\/app\/english-456-aprender-ingl\u00e9s\/id1257281574?l=es&amp;ls=1&amp;mt=8\" target=\"_blank\" rel=\"noopener\"><img loading=\"lazy\" decoding=\"async\" class=\"aligncenter wp-image-2777 size-full\" src=\"https:\/\/www.educaplanet.com\/educaplanet\/wp-content\/uploads\/2017\/10\/english456_itunes.png\" alt=\"\" width=\"207\" height=\"47\" \/><br \/>\n<\/a><a href=\"http:\/\/www.educaplanet.com\/educaplanet\/juegos\/pc-mac\/\"><img loading=\"lazy\" decoding=\"async\" class=\"aligncenter size-full wp-image-2778\" src=\"http:\/\/www.educaplanet.com\/educaplanet\/wp-content\/uploads\/2017\/10\/english456-pc.png\" alt=\"\" width=\"207\" height=\"48\" \/><\/a><\/p>\n<p><a href=\"https:\/\/www.amazon.es\/English-456-aprender-ingl%C3%A9s-ni%C3%B1os\/dp\/B07BFHX1HN\/ref=sr_1_4?ie=UTF8&amp;qid=1521717855&amp;sr=8-4&amp;keywords=Educaplanet+S.L.\" target=\"_blank\" rel=\"noopener\"><img loading=\"lazy\" decoding=\"async\" class=\"aligncenter wp-image-3179 size-full\" src=\"https:\/\/www.educaplanet.com\/educaplanet\/wp-content\/uploads\/2018\/03\/bot_aprender_ingles-kindle-amazon.png\" alt=\"\" width=\"192\" height=\"48\" \/><\/a><\/p>\n<p style=\"text-align: center;\">Tambi\u00e9n desde <a href=\"https:\/\/www.amazon.es\/English-456-aprender-ingl%C3%A9s-ni%C3%B1os\/dp\/B07BFHX1HN\/ref=sr_1_4?ie=UTF8&amp;qid=1521717855&amp;sr=8-4&amp;keywords=Educaplanet+S.L.\"><strong>AMAZON<\/strong><\/a> para dispositivos Android y<strong> Kindle Fire.<\/strong><\/p>\n<p>De la mano de los creadores de los juegos Pipo desarrollaremos el vocabulario, la lectura y la capacidad auditiva de los peque\u00f1os con Grin y sus nuevos amigos CUCA y UIPI.<\/p>\n<div>\n<div id=\"attachment_2772\" style=\"width: 460px\" class=\"wp-caption aligncenter\"><img loading=\"lazy\" decoding=\"async\" aria-describedby=\"caption-attachment-2772\" class=\"size-full wp-image-2772\" src=\"http:\/\/www.educaplanet.com\/educaplanet\/wp-content\/uploads\/2017\/10\/menu-aprender-ingles-english.png\" alt=\"aprender ingles ninos english 456\" width=\"450\" height=\"300\" srcset=\"https:\/\/www.educaplanet.com\/educaplanet_test\/wp-content\/uploads\/2017\/10\/menu-aprender-ingles-english.png 450w, https:\/\/www.educaplanet.com\/educaplanet_test\/wp-content\/uploads\/2017\/10\/menu-aprender-ingles-english-300x200.png 300w\" sizes=\"auto, (max-width: 450px) 100vw, 450px\" \/><p id=\"caption-attachment-2772\" class=\"wp-caption-text\"><em>Menu para elegir qu\u00e9 queremos practicar<\/em><\/p><\/div>\n<\/div>\n<div>Para empezar tenemos la presentaci\u00f3n del <strong>vocabulario<\/strong> como un juego en las escenas: debemos pulsar los objetos para darles color y ver su animaci\u00f3n. Adem\u00e1s, no solo\u00a0se practica ingl\u00e9s sino tambi\u00e9n espa\u00f1ol, puesto que todo lo que lee y dice Cuca, luego se repite en espa\u00f1ol por parte de Uipi.<\/div>\n<div><img loading=\"lazy\" decoding=\"async\" class=\"aligncenter size-full wp-image-2773\" src=\"http:\/\/www.educaplanet.com\/educaplanet\/wp-content\/uploads\/2017\/10\/animals-english-app.png\" alt=\"animals english app\" width=\"450\" height=\"300\" srcset=\"https:\/\/www.educaplanet.com\/educaplanet_test\/wp-content\/uploads\/2017\/10\/animals-english-app.png 450w, https:\/\/www.educaplanet.com\/educaplanet_test\/wp-content\/uploads\/2017\/10\/animals-english-app-300x200.png 300w\" sizes=\"auto, (max-width: 450px) 100vw, 450px\" \/><\/div>\n<div>Por lo cual creemos que es ideal para los peques de la casa: una buena opci\u00f3n para ni\u00f1os y ni\u00f1as desde Preescolar en guarder\u00edas hasta Primero o Segundo de Primaria, pues los juegos de deletrear en nivel 2 son ejercicios complicados.<\/div>\n<div>\n<h2>ENGLISH 456 aprender ingles para ninos recoge 19 escenas interactivas.<\/h2>\n<p>Aproximadamente jugando con las escenas aprenderemos\u00a0casi 200 palabras en ingl\u00e9s. Est\u00e1n repartidas de esta manera:<\/p>\n<ul>\n<li><strong>ANIMALES<\/strong>: animales acu\u00e1ticos, animales dom\u00e9sticos, animales salvajes.<\/li>\n<li><strong>EL HOGAR:<\/strong> el dormitorio, el ba\u00f1o, la cocina, el sal\u00f3n.<\/li>\n<li><strong>PASEANDO<\/strong>: la calle, los veh\u00edculos, el jard\u00edn, la playa.<\/li>\n<li><strong>EL COLEGIO<\/strong>: el aula,los colores, los n\u00fameros, las formas.<\/li>\n<li><strong>EL CUERPO Y LA ROPA:<\/strong> cara, ropa, el cuerpo delante y detr\u00e1s.<\/li>\n<\/ul>\n<\/div>\n<div>\u00a0<img loading=\"lazy\" decoding=\"async\" class=\"aligncenter size-medium wp-image-3021\" src=\"https:\/\/www.educaplanet.com\/educaplanet\/wp-content\/uploads\/2018\/01\/find-vocabulary-kids-games-educaplanet-300x206.png\" alt=\"find game vocabulary kids app \" width=\"300\" height=\"206\" srcset=\"https:\/\/www.educaplanet.com\/educaplanet_test\/wp-content\/uploads\/2018\/01\/find-vocabulary-kids-games-educaplanet-300x206.png 300w, https:\/\/www.educaplanet.com\/educaplanet_test\/wp-content\/uploads\/2018\/01\/find-vocabulary-kids-games-educaplanet-600x412.png 600w, https:\/\/www.educaplanet.com\/educaplanet_test\/wp-content\/uploads\/2018\/01\/find-vocabulary-kids-games-educaplanet-768x527.png 768w, https:\/\/www.educaplanet.com\/educaplanet_test\/wp-content\/uploads\/2018\/01\/find-vocabulary-kids-games-educaplanet.png 1000w\" sizes=\"auto, (max-width: 300px) 100vw, 300px\" \/><\/div>\n<div>\u00a1Ayuda a que tu peque disfrute con un nuevo idioma! Parece que entre 2 y 5 a\u00f1os es el mejor momento para sentar las bases de un segundo idioma.<\/div>\n<div><\/div>\n<div><strong>\u2605 PERMITE GRABAR TU VOZ<\/strong><\/div>\n<div>Una forma divertida de aprender nuevas palabras de uso cotidiano para un ni\u00f1o y comparar la pronunciaci\u00f3n.<\/div>\n<div>\u00a0<img loading=\"lazy\" decoding=\"async\" class=\"aligncenter wp-image-2774 size-full\" src=\"http:\/\/www.educaplanet.com\/educaplanet\/wp-content\/uploads\/2017\/10\/grabar-escena-bano.png\" alt=\"juegos aprender ingles para ninos grabar voz\" width=\"450\" height=\"300\" srcset=\"https:\/\/www.educaplanet.com\/educaplanet_test\/wp-content\/uploads\/2017\/10\/grabar-escena-bano.png 450w, https:\/\/www.educaplanet.com\/educaplanet_test\/wp-content\/uploads\/2017\/10\/grabar-escena-bano-300x200.png 300w\" sizes=\"auto, (max-width: 450px) 100vw, 450px\" \/><\/div>\n<h3>\u2605\u00a0<strong>CARACTER\u00cdSTICAS APRENDER INGL\u00c9S PARA NI\u00d1OS<\/strong><\/h3>\n<div>\u00b7 MUCHAS PALABRAS Y AUDIO EN CONTEXTO: Escucha a Cuca c\u00f3mo dice las palabras en ingl\u00e9s en las escenas.<\/div>\n<div>\u00b7 GRABACI\u00d3N: graba tu voz para practicar. Una forma divertida de comparar y mejorar su pronunciaci\u00f3n.<\/div>\n<div>\u00b7 BILING\u00dcE: Uipi repite todo en espa\u00f1ol. No se ve escrito, pero se oye, lo que hace ganar confianza a los peques.<\/div>\n<div><\/div>\n<div>\u00b7 3 TIPOS DE LETRA: elige el tipo de letra m\u00e1s adecuado para estimular la lectura de tu peque: min\u00fascula, may\u00fascula o enlazada.<\/div>\n<div><\/div>\n<div>\u00b7\u00a0<strong> 5 JUEGOS para trabajar vocabulario y ortograf\u00eda:<\/strong><\/div>\n<div>&#8211; <strong>Pegatinas<\/strong>: encaja la forma<br \/>\n&#8211; <strong>Mono:<\/strong> deletrear\u00a0 &#8211; Type the letters for&#8230;<br \/>\n&#8211; <strong>Abeja<\/strong>: \u00bfC\u00f3mo se escribe&#8230;? &#8211; How do you spell&#8230;?<\/div>\n<div>&#8211; <strong>Ara\u00f1as<\/strong>: Find &#8211; encuentra la imagen que te dice Cuca.<br \/>\n&#8211; <strong>Haz parejas:<\/strong> Memory con 2 modos de juego (para beb\u00e9s con im\u00e1genes vistas y normal), hasta 4 jugadores y 2 niveles.<\/div>\n<div><\/div>\n<div><iframe loading=\"lazy\" src=\"https:\/\/www.youtube.com\/embed\/kYuE1cZ7dZs\" width=\"560\" height=\"315\" frameborder=\"0\" allowfullscreen=\"allowfullscreen\"><\/iframe><\/div>\n<div>\u00b7 \u00a02 NIVELES: en cada juego tiene dos niveles de dificultad,\u00a0 con ayuda visual o sin ella.<\/div>\n<div><\/div>\n<div>\u00b7 \u00a0OBJETIVO L\u00daDICO: Atrapa frutas para alimentar a los peque\u00f1os aliens.<\/div>\n<div>\u00b7\u00a0 CON ANIMACIONES Y SONIDOS: los peques se divierten mientras ven lo que ocurre al tocar cada objeto.<\/div>\n<div>\u00b7 \u00a0MODO REPASO en juego ABEJAS: repasa solo aquellas palabras en las que has fallado.<\/div>\n<div><\/div>\n<div>\u00b7\u00a0 INFORMES: Los adultos podemos consultar los informes de lo trabajado con aciertos y errores.<\/div>\n<div>\n<div id=\"attachment_2822\" style=\"width: 310px\" class=\"wp-caption aligncenter\"><img loading=\"lazy\" decoding=\"async\" aria-describedby=\"caption-attachment-2822\" class=\"size-medium wp-image-2822\" src=\"http:\/\/www.educaplanet.com\/educaplanet\/wp-content\/uploads\/2017\/10\/informes-300x225.png\" alt=\"informes aciertos errores\" width=\"300\" height=\"225\" srcset=\"https:\/\/www.educaplanet.com\/educaplanet_test\/wp-content\/uploads\/2017\/10\/informes-300x225.png 300w, https:\/\/www.educaplanet.com\/educaplanet_test\/wp-content\/uploads\/2017\/10\/informes-600x450.png 600w, https:\/\/www.educaplanet.com\/educaplanet_test\/wp-content\/uploads\/2017\/10\/informes-768x576.png 768w, https:\/\/www.educaplanet.com\/educaplanet_test\/wp-content\/uploads\/2017\/10\/informes.png 1024w\" sizes=\"auto, (max-width: 300px) 100vw, 300px\" \/><p id=\"caption-attachment-2822\" class=\"wp-caption-text\">Consulta los informes para saber c\u00f3mo le ha ido la sesi\u00f3n.<\/p><\/div>\n<\/div>\n<div><\/div>\n<div><\/div>\n<div>Defendemos que la estimulaci\u00f3n temprana bien entendida siempre es \u00fatil para todos y, especialmente relevante, en ni\u00f1os con necesidades educativas especiales.<\/div>\n<div><iframe loading=\"lazy\" src=\"https:\/\/www.youtube.com\/embed\/CdB2GS-dRwI\" width=\"560\" height=\"315\" frameborder=\"0\" allowfullscreen=\"allowfullscreen\"><\/iframe><\/div>\n<div><img loading=\"lazy\" decoding=\"async\" class=\"aligncenter size-medium wp-image-3022\" src=\"https:\/\/www.educaplanet.com\/educaplanet\/wp-content\/uploads\/2018\/01\/parejas-memory-vocabulary-game-english-300x206.png\" alt=\"parejas memory vocabulary game english kis\" width=\"300\" height=\"206\" srcset=\"https:\/\/www.educaplanet.com\/educaplanet_test\/wp-content\/uploads\/2018\/01\/parejas-memory-vocabulary-game-english-300x206.png 300w, https:\/\/www.educaplanet.com\/educaplanet_test\/wp-content\/uploads\/2018\/01\/parejas-memory-vocabulary-game-english-600x412.png 600w, https:\/\/www.educaplanet.com\/educaplanet_test\/wp-content\/uploads\/2018\/01\/parejas-memory-vocabulary-game-english-768x527.png 768w, https:\/\/www.educaplanet.com\/educaplanet_test\/wp-content\/uploads\/2018\/01\/parejas-memory-vocabulary-game-english.png 1000w\" sizes=\"auto, (max-width: 300px) 100vw, 300px\" \/><\/div>\n<h3>\u00bfBuscas aprender ingles para ninos de 6 a 8-9 a\u00f1os?<\/h3>\n<div><img loading=\"lazy\" decoding=\"async\" class=\"size-full wp-image-2775 alignleft\" src=\"http:\/\/www.educaplanet.com\/educaplanet\/wp-content\/uploads\/2017\/10\/english678-cuca-uipi.png\" alt=\"\" width=\"255\" height=\"100\" \/>Te animamos a PROBAR<strong> <a href=\"http:\/\/www.educaplanet.com\/web\">ENGLISH 678<\/a>\u00a0con Cuca y Uipi.<\/strong><\/div>\n<div>\u00a0\u00a1Pru\u00e9balo desde el navegador de tu ordenador GRATIS! Tan solo necesitas instalar el <a href=\"https:\/\/get.adobe.com\/es\/flashplayer\/\">plugin de Flash<\/a>.<\/div>\n<div>Escenas con mucho m\u00e1s vocabulario y m\u00e1s juegos de traducci\u00f3n. Adem\u00e1s, ya algunas de ellas cuentas con presentaci\u00f3n de frases y ejercicios de construcci\u00f3n de oraciones.<\/div>\n<div><\/div>\n<h4>Finalmente, si buscas fichas para practicar vocabulario:<\/h4>\n<div>LOS ANIMALES\u00a0English-Spanish<\/div>\n<div><a href=\"https:\/\/www.educaplanet.com\/educaplanet\/2017\/11\/animales-domesticos-ficha-infantil-gratis\/\"><img loading=\"lazy\" decoding=\"async\" class=\"aligncenter size-medium wp-image-2850\" src=\"https:\/\/www.educaplanet.com\/educaplanet\/wp-content\/uploads\/2017\/11\/domestic-animals-eng-214x300.png\" alt=\"domestic animals printable worksheet free\" width=\"214\" height=\"300\" srcset=\"https:\/\/www.educaplanet.com\/educaplanet_test\/wp-content\/uploads\/2017\/11\/domestic-animals-eng-214x300.png 214w, https:\/\/www.educaplanet.com\/educaplanet_test\/wp-content\/uploads\/2017\/11\/domestic-animals-eng.png 387w\" sizes=\"auto, (max-width: 214px) 100vw, 214px\" \/><img loading=\"lazy\" decoding=\"async\" class=\"aligncenter size-full wp-image-2938\" src=\"https:\/\/www.educaplanet.com\/educaplanet\/wp-content\/uploads\/2015\/03\/bot_descarga_pdf.png\" alt=\"Bot\u00f3n descarga pdf\" width=\"197\" height=\"67\" \/><\/a><\/div>\n<div>PARTES DEL CUERPO &#8211; Ficha biling\u00fce English-Spanish<\/div>\n<div>\n<div id=\"attachment_2797\" style=\"width: 223px\" class=\"wp-caption aligncenter\"><img loading=\"lazy\" decoding=\"async\" aria-describedby=\"caption-attachment-2797\" class=\"size-medium wp-image-2797\" src=\"https:\/\/www.educaplanet.com\/educaplanet\/wp-content\/uploads\/2017\/10\/cuerpo-humano-delante-e-213x300.png\" alt=\"partes del cuerpo cuerpo humano ficha\" width=\"213\" height=\"300\" srcset=\"https:\/\/www.educaplanet.com\/educaplanet_test\/wp-content\/uploads\/2017\/10\/cuerpo-humano-delante-e-213x300.png 213w, https:\/\/www.educaplanet.com\/educaplanet_test\/wp-content\/uploads\/2017\/10\/cuerpo-humano-delante-e-300x423.png 300w, https:\/\/www.educaplanet.com\/educaplanet_test\/wp-content\/uploads\/2017\/10\/cuerpo-humano-delante-e.png 385w\" sizes=\"auto, (max-width: 213px) 100vw, 213px\" \/><p id=\"caption-attachment-2797\" class=\"wp-caption-text\">Ficha en espa\u00f1ol<\/p><\/div>\n<\/div>\n<div>PARA M\u00c1S INFO, LEE LA GU\u00cdA DID\u00c1CTICA<\/div>\n<div><iframe loading=\"lazy\" src=\"\/\/www.slideshare.net\/slideshow\/embed_code\/key\/nFJQ3kjid0kst5\" width=\"595\" height=\"485\" frameborder=\"0\" marginwidth=\"0\" marginheight=\"0\" scrolling=\"no\" style=\"border:1px solid #CCC; border-width:1px; margin-bottom:5px; max-width: 100%;\" allowfullscreen> <\/iframe> <\/p>\n<div style=\"margin-bottom:5px\"> <strong> <a href=\"\/\/www.slideshare.net\/Educaplanet\/guia-didactica-english456-novedades-2018\" title=\"Guia didactica english456 - NOVEDADES 2018\" target=\"_blank\">Guia didactica english456 &#8211; NOVEDADES 2018<\/a> <\/strong> from <strong><a href=\"\/\/www.slideshare.net\/Educaplanet\" target=\"_blank\">Educaplanet<\/a><\/strong> <\/div>\n<\/div>\n","protected":false},"excerpt":{"rendered":"<p>ENGLISH 456 aprender ingl\u00e9s para ni\u00f1os es una aplicaci\u00f3n dirigida a ni\u00f1os y ni\u00f1as desde 3 hasta 6 o 7 a\u00f1os. Disponible en smartphones y tabletas Android &#8211; Google Play, iPad o iPhone de Apple (iTunes) y ordenadores Windows. \u00a1ACTUALIZADO CON 5 JUEGOS! Tambi\u00e9n desde AMAZON para dispositivos Android y Kindle Fire. De la mano de los creadores de los juegos Pipo desarrollaremos el vocabulario, la lectura y la capacidad auditiva de los peque\u00f1os con Grin y sus nuevos amigos CUCA y UIPI. Para empezar tenemos la presentaci\u00f3n del vocabulario como un juego en las escenas: debemos pulsar los objetos<\/p>\n","protected":false},"author":3,"featured_media":2774,"parent":0,"menu_order":0,"comment_status":"closed","ping_status":"closed","template":"","meta":{"_monsterinsights_skip_tracking":false,"_monsterinsights_sitenote_active":false,"_monsterinsights_sitenote_note":"","_monsterinsights_sitenote_category":0,"footnotes":""},"class_list":["post-2760","page","type-page","status-publish","has-post-thumbnail","hentry"],"yoast_head":"<!-- This site is optimized with the Yoast SEO plugin v27.2 - https:\/\/yoast.com\/product\/yoast-seo-wordpress\/ -->\n<title>ENGLISH 456 Aprender ingles para ninos - Juegos infantil<\/title>\n<meta name=\"description\" content=\"ENGLISH 456 aprender ingles para ninos es una aplicaci\u00f3n para aprender casi 200 palabras en ingl\u00e9s con juegos de deletreo y lectura. De 3 a 6 a\u00f1os.\" \/>\n<meta name=\"robots\" content=\"index, follow, max-snippet:-1, max-image-preview:large, max-video-preview:-1\" \/>\n<link rel=\"canonical\" href=\"https:\/\/www.educaplanet.com\/educaplanet_test\/english-456-aprender-ingles-para-ninos\/\" \/>\n<meta property=\"og:locale\" content=\"es_ES\" \/>\n<meta property=\"og:type\" content=\"article\" \/>\n<meta property=\"og:title\" content=\"ENGLISH 456 Aprender ingles para ninos - Juegos infantil\" \/>\n<meta property=\"og:description\" content=\"ENGLISH 456 aprender ingles para ninos es una aplicaci\u00f3n para aprender casi 200 palabras en ingl\u00e9s con juegos de deletreo y lectura. De 3 a 6 a\u00f1os.\" \/>\n<meta property=\"og:url\" content=\"https:\/\/www.educaplanet.com\/educaplanet_test\/english-456-aprender-ingles-para-ninos\/\" \/>\n<meta property=\"og:site_name\" content=\"EDUCAPLANET APPS\" \/>\n<meta property=\"article:publisher\" content=\"https:\/\/www.facebook.com\/educaplanet\" \/>\n<meta property=\"article:modified_time\" content=\"2018-07-12T08:15:40+00:00\" \/>\n<meta property=\"og:image\" content=\"https:\/\/www.educaplanet.com\/educaplanet_test\/wp-content\/uploads\/2017\/10\/grabar-escena-bano.png\" \/>\n\t<meta property=\"og:image:width\" content=\"450\" \/>\n\t<meta property=\"og:image:height\" content=\"300\" \/>\n\t<meta property=\"og:image:type\" content=\"image\/png\" \/>\n<meta name=\"twitter:card\" content=\"summary_large_image\" \/>\n<meta name=\"twitter:site\" content=\"@educaplanet_es\" \/>\n<meta name=\"twitter:label1\" content=\"Tiempo de lectura\" \/>\n\t<meta name=\"twitter:data1\" content=\"4 minutos\" \/>\n<script type=\"application\/ld+json\" class=\"yoast-schema-graph\">{\"@context\":\"https:\/\/schema.org\",\"@graph\":[{\"@type\":\"WebPage\",\"@id\":\"https:\/\/www.educaplanet.com\/educaplanet_test\/english-456-aprender-ingles-para-ninos\/\",\"url\":\"https:\/\/www.educaplanet.com\/educaplanet_test\/english-456-aprender-ingles-para-ninos\/\",\"name\":\"ENGLISH 456 Aprender ingles para ninos - Juegos infantil\",\"isPartOf\":{\"@id\":\"https:\/\/www.educaplanet.com\/educaplanet_test\/#website\"},\"primaryImageOfPage\":{\"@id\":\"https:\/\/www.educaplanet.com\/educaplanet_test\/english-456-aprender-ingles-para-ninos\/#primaryimage\"},\"image\":{\"@id\":\"https:\/\/www.educaplanet.com\/educaplanet_test\/english-456-aprender-ingles-para-ninos\/#primaryimage\"},\"thumbnailUrl\":\"https:\/\/www.educaplanet.com\/educaplanet_test\/wp-content\/uploads\/2017\/10\/grabar-escena-bano.png\",\"datePublished\":\"2017-10-06T07:22:59+00:00\",\"dateModified\":\"2018-07-12T08:15:40+00:00\",\"description\":\"ENGLISH 456 aprender ingles para ninos es una aplicaci\u00f3n para aprender casi 200 palabras en ingl\u00e9s con juegos de deletreo y lectura. De 3 a 6 a\u00f1os.\",\"breadcrumb\":{\"@id\":\"https:\/\/www.educaplanet.com\/educaplanet_test\/english-456-aprender-ingles-para-ninos\/#breadcrumb\"},\"inLanguage\":\"es\",\"potentialAction\":[{\"@type\":\"ReadAction\",\"target\":[\"https:\/\/www.educaplanet.com\/educaplanet_test\/english-456-aprender-ingles-para-ninos\/\"]}]},{\"@type\":\"ImageObject\",\"inLanguage\":\"es\",\"@id\":\"https:\/\/www.educaplanet.com\/educaplanet_test\/english-456-aprender-ingles-para-ninos\/#primaryimage\",\"url\":\"https:\/\/www.educaplanet.com\/educaplanet_test\/wp-content\/uploads\/2017\/10\/grabar-escena-bano.png\",\"contentUrl\":\"https:\/\/www.educaplanet.com\/educaplanet_test\/wp-content\/uploads\/2017\/10\/grabar-escena-bano.png\",\"width\":450,\"height\":300,\"caption\":\"juegos aprender ingles grabar voz\"},{\"@type\":\"BreadcrumbList\",\"@id\":\"https:\/\/www.educaplanet.com\/educaplanet_test\/english-456-aprender-ingles-para-ninos\/#breadcrumb\",\"itemListElement\":[{\"@type\":\"ListItem\",\"position\":1,\"name\":\"Portada\",\"item\":\"https:\/\/www.educaplanet.com\/educaplanet_test\/\"},{\"@type\":\"ListItem\",\"position\":2,\"name\":\"ENGLISH 456 aprender ingles para ni\u00f1os\"}]},{\"@type\":\"WebSite\",\"@id\":\"https:\/\/www.educaplanet.com\/educaplanet_test\/#website\",\"url\":\"https:\/\/www.educaplanet.com\/educaplanet_test\/\",\"name\":\"EDUCAPLANET APPS\",\"description\":\"Apps y juegos educativos para ni\u00f1os y ni\u00f1as\",\"potentialAction\":[{\"@type\":\"SearchAction\",\"target\":{\"@type\":\"EntryPoint\",\"urlTemplate\":\"https:\/\/www.educaplanet.com\/educaplanet_test\/?s={search_term_string}\"},\"query-input\":{\"@type\":\"PropertyValueSpecification\",\"valueRequired\":true,\"valueName\":\"search_term_string\"}}],\"inLanguage\":\"es\"}]}<\/script>\n<!-- \/ Yoast SEO plugin. -->","yoast_head_json":{"title":"ENGLISH 456 Aprender ingles para ninos - Juegos infantil","description":"ENGLISH 456 aprender ingles para ninos es una aplicaci\u00f3n para aprender casi 200 palabras en ingl\u00e9s con juegos de deletreo y lectura. De 3 a 6 a\u00f1os.","robots":{"index":"index","follow":"follow","max-snippet":"max-snippet:-1","max-image-preview":"max-image-preview:large","max-video-preview":"max-video-preview:-1"},"canonical":"https:\/\/www.educaplanet.com\/educaplanet_test\/english-456-aprender-ingles-para-ninos\/","og_locale":"es_ES","og_type":"article","og_title":"ENGLISH 456 Aprender ingles para ninos - Juegos infantil","og_description":"ENGLISH 456 aprender ingles para ninos es una aplicaci\u00f3n para aprender casi 200 palabras en ingl\u00e9s con juegos de deletreo y lectura. De 3 a 6 a\u00f1os.","og_url":"https:\/\/www.educaplanet.com\/educaplanet_test\/english-456-aprender-ingles-para-ninos\/","og_site_name":"EDUCAPLANET APPS","article_publisher":"https:\/\/www.facebook.com\/educaplanet","article_modified_time":"2018-07-12T08:15:40+00:00","og_image":[{"width":450,"height":300,"url":"https:\/\/www.educaplanet.com\/educaplanet_test\/wp-content\/uploads\/2017\/10\/grabar-escena-bano.png","type":"image\/png"}],"twitter_card":"summary_large_image","twitter_site":"@educaplanet_es","twitter_misc":{"Tiempo de lectura":"4 minutos"},"schema":{"@context":"https:\/\/schema.org","@graph":[{"@type":"WebPage","@id":"https:\/\/www.educaplanet.com\/educaplanet_test\/english-456-aprender-ingles-para-ninos\/","url":"https:\/\/www.educaplanet.com\/educaplanet_test\/english-456-aprender-ingles-para-ninos\/","name":"ENGLISH 456 Aprender ingles para ninos - Juegos infantil","isPartOf":{"@id":"https:\/\/www.educaplanet.com\/educaplanet_test\/#website"},"primaryImageOfPage":{"@id":"https:\/\/www.educaplanet.com\/educaplanet_test\/english-456-aprender-ingles-para-ninos\/#primaryimage"},"image":{"@id":"https:\/\/www.educaplanet.com\/educaplanet_test\/english-456-aprender-ingles-para-ninos\/#primaryimage"},"thumbnailUrl":"https:\/\/www.educaplanet.com\/educaplanet_test\/wp-content\/uploads\/2017\/10\/grabar-escena-bano.png","datePublished":"2017-10-06T07:22:59+00:00","dateModified":"2018-07-12T08:15:40+00:00","description":"ENGLISH 456 aprender ingles para ninos es una aplicaci\u00f3n para aprender casi 200 palabras en ingl\u00e9s con juegos de deletreo y lectura. De 3 a 6 a\u00f1os.","breadcrumb":{"@id":"https:\/\/www.educaplanet.com\/educaplanet_test\/english-456-aprender-ingles-para-ninos\/#breadcrumb"},"inLanguage":"es","potentialAction":[{"@type":"ReadAction","target":["https:\/\/www.educaplanet.com\/educaplanet_test\/english-456-aprender-ingles-para-ninos\/"]}]},{"@type":"ImageObject","inLanguage":"es","@id":"https:\/\/www.educaplanet.com\/educaplanet_test\/english-456-aprender-ingles-para-ninos\/#primaryimage","url":"https:\/\/www.educaplanet.com\/educaplanet_test\/wp-content\/uploads\/2017\/10\/grabar-escena-bano.png","contentUrl":"https:\/\/www.educaplanet.com\/educaplanet_test\/wp-content\/uploads\/2017\/10\/grabar-escena-bano.png","width":450,"height":300,"caption":"juegos aprender ingles grabar voz"},{"@type":"BreadcrumbList","@id":"https:\/\/www.educaplanet.com\/educaplanet_test\/english-456-aprender-ingles-para-ninos\/#breadcrumb","itemListElement":[{"@type":"ListItem","position":1,"name":"Portada","item":"https:\/\/www.educaplanet.com\/educaplanet_test\/"},{"@type":"ListItem","position":2,"name":"ENGLISH 456 aprender ingles para ni\u00f1os"}]},{"@type":"WebSite","@id":"https:\/\/www.educaplanet.com\/educaplanet_test\/#website","url":"https:\/\/www.educaplanet.com\/educaplanet_test\/","name":"EDUCAPLANET APPS","description":"Apps y juegos educativos para ni\u00f1os y ni\u00f1as","potentialAction":[{"@type":"SearchAction","target":{"@type":"EntryPoint","urlTemplate":"https:\/\/www.educaplanet.com\/educaplanet_test\/?s={search_term_string}"},"query-input":{"@type":"PropertyValueSpecification","valueRequired":true,"valueName":"search_term_string"}}],"inLanguage":"es"}]}},"_links":{"self":[{"href":"https:\/\/www.educaplanet.com\/educaplanet_test\/wp-json\/wp\/v2\/pages\/2760","targetHints":{"allow":["GET"]}}],"collection":[{"href":"https:\/\/www.educaplanet.com\/educaplanet_test\/wp-json\/wp\/v2\/pages"}],"about":[{"href":"https:\/\/www.educaplanet.com\/educaplanet_test\/wp-json\/wp\/v2\/types\/page"}],"author":[{"embeddable":true,"href":"https:\/\/www.educaplanet.com\/educaplanet_test\/wp-json\/wp\/v2\/users\/3"}],"replies":[{"embeddable":true,"href":"https:\/\/www.educaplanet.com\/educaplanet_test\/wp-json\/wp\/v2\/comments?post=2760"}],"version-history":[{"count":14,"href":"https:\/\/www.educaplanet.com\/educaplanet_test\/wp-json\/wp\/v2\/pages\/2760\/revisions"}],"predecessor-version":[{"id":3497,"href":"https:\/\/www.educaplanet.com\/educaplanet_test\/wp-json\/wp\/v2\/pages\/2760\/revisions\/3497"}],"wp:featuredmedia":[{"embeddable":true,"href":"https:\/\/www.educaplanet.com\/educaplanet_test\/wp-json\/wp\/v2\/media\/2774"}],"wp:attachment":[{"href":"https:\/\/www.educaplanet.com\/educaplanet_test\/wp-json\/wp\/v2\/media?parent=2760"}],"curies":[{"name":"wp","href":"https:\/\/api.w.org\/{rel}","templated":true}]}}